, 139
Let q = -20984 + 31915. List the prime factors of q.
17, 643
Suppose 6*v = 7*v - 3*j - 269, -j = -5*v + 1373. Let p = -182 + v. List the prime factors of (p/12 - 2)*4.
23
Let a(w) = 8*w**2 + 19*w - 2. Suppose -27 = -10*t + 33. List the prime factors of a(t).
2, 5
Let q(p) = 79*p**2 - 231*p - 1560. What are the prime factors of q(-7)?
2, 491
Let q be (1 + -4)*(-1 + 2). Let b be (3/(q/(-10)))/((-20)/(-10)). Suppose 515 = -0*r + b*r. What are the prime factors of r?
103
Suppose 4*z - z = 6. Suppose 17*c = z*c + 75. Suppose -2*m + 214 = 4*y - y, 0 = -c*m + 25. List the prime factors of y.
2, 17
Let h(g) = 1306*g**2 + 287*g + 5. What are the prime factors of h(-4)?
19753
Let y = 4663 + -2627. What are the prime factors of y?
2, 509
Suppose -g = -3*k + 17, -41 = -0*k - 4*k + 5*g. Suppose -38*h + 2*w + 116 = -35*h, -k*w + 186 = 5*h. What are the prime factors of h?
2, 19
Let i be (3 - -8705) + (-9)/(-3). Suppose 2735 - i = -18*s. List the prime factors of s.
2, 83
Let w = -20961 + 40475. What are the prime factors of w?
2, 11, 887
Let k(r) = -r**2 - 15*r - 37. Let o be k(-3). Let b(c) = 385*c**2 - 4*c. List the prime factors of b(o).
389
Suppose -7*o + 582 + 209 = 0. Suppose -2*d + 113 = -o. List the prime factors of d.
113
Suppose 2*v + 3*v = 3*x - 156, 2 = x. Let p be 65/(-4)*-2 - 15/v. Suppose 0 = f - 18 - p. List the prime factors of f.
3, 17
List the prime factors of ((-3696)/70)/(1/(-135)).
2, 3, 11
Let f = -119 - -41. Let j = f + 85. Let h(g) = g**2 + 4*g + 21. List the prime factors of h(j).
2, 7
Suppose -3*z + 2*a = 3*a - 688, 0 = 4*z - 4*a - 928. Suppose -11*l + 2*l - 10 = -11*l. List the prime factors of z + (0/l)/(0 - -3).
2, 5, 23
Let n(c) = -12576*c + 58. What are the prime factors of n(-1)?
2, 6317
Let g = -6366 + 3650. Let j = g + 3992. What are the prime factors of j?
2, 11, 29
Suppose -45*g - 8407 = -r - 50*g, -5*r + 41832 = -4*g. What are the prime factors of r?
2, 7, 13, 23
Suppose 129*m - 6546 = 126*m. Suppose -x + 1090 = 4*n, -3*n = 4*x - 2191 - m. What are the prime factors of x?
2, 547
Let o(y) = 39*y. Let i be o(5). Suppose 4*l = -d + i, -8*l + 111 = -6*l + 5*d. List the prime factors of l.
2, 3
Let k(t) = -1280*t - 560. What are the prime factors of k(-2)?
2, 5
Let g = -297 - -383. Suppose -91*i + 1235 = -g*i. What are the prime factors of i?
13, 19
Suppose 6 = 11*k - 17*k. Let p be -4 + 2 + 168 - k*2. Suppose 3*h = 10*h - p. What are the prime factors of h?
2, 3
Suppose -3*s - p + 5*p = -8268, -5*s = p - 13803. Suppose -10*d = 5*d - s. List the prime factors of d.
2, 23
Let n(b) = 9 - 2 + 3*b - b + 3*b. Let w(c) = 11*c + 86. Let y be w(-6). List the prime factors of n(y).
107
Let y(p) = -p**3 + 19*p**2 - 18*p + 7. Let n be y(18). Suppose 9*r - n*r = 108. What are the prime factors of r?
2, 3
Let o(p) = -49*p - 45. Let d(l) = -48*l - 43. Let j(b) = 6*d(b) - 5*o(b). What are the prime factors of j(-6)?
3, 5
Suppose -5*f = -2*f - 3*p + 3, 0 = 3*f - 4*p. Let q be 9 + -8 + (-1 - -262). Let d = f + q. What are the prime factors of d?
2, 3, 43
Let g(y) = 50*y**2 + 426*y - 74. List the prime factors of g(-21).
2, 5, 1303
Let s(z) = 20*z**2 - z - 8*z**2 - 10*z + 99 + 4*z**2. List the prime factors of s(6).
3, 7, 29
Let c(s) = s**3 + 4*s**2 - 12*s. Let o be c(-6). Suppose -4*i + 11*i - 791 = o. What are the prime factors of i?
113
Suppose -15*h - 14630 = -34*h. Suppose 0 = -8*r + h + 950. List the prime factors of r.
5, 43
Let f = 10 - 4. Let v(y) be the second derivative of y**5/20 - y**4/6 - 2*y**3/3 - y**2/2 - 45*y. What are the prime factors of v(f)?
7, 17
Let v = 16591 + -699. List the prime factors of v.
2, 29, 137
Let b = 14470 + -3977. List the prime factors of b.
7, 1499
Suppose 510813 = 57*v + 124752. List the prime factors of v.
13, 521
Let g = 10897 + 1168. List the prime factors of g.
5, 19, 127
Let j(y) = -y**3 - 2*y**2 + 7*y - 1. Let k(q) = -q + 2. Let x be k(6). Let s be j(x). Suppose 0 = -s*w + 6*w - 312. List the prime factors of w.
2, 13
List the prime factors of (132/(-15) + 9)*-11*-2615.
11, 523
Let c = 3550 - 2189. List the prime factors of c.
1361
Let l = -13900 - -20731. List the prime factors of l.
3, 11, 23
Suppose 37*c - 45 - 103 = 0. Let j(q) = 152*q + 99. List the prime factors of j(c).
7, 101
What are the prime factors of 3244 - -4 - (-5 - -17)?
2, 809
Let b be (-3)/15 + (-27984)/80. Suppose -3 = -2*o - 13. What are the prime factors of ((-4)/o)/(2098/b - -6)?
2, 5, 7
Suppose 0 = -4*k - 4*x + 2012, 15*k + 3*x = 11*k + 2009. Let l = 583 + k. List the prime factors of l.
3, 19
Let d be (24 - 17) + (-8)/(-2). Suppose k = -5*i + 731, 5*k - d*i + 8*i = 3683. What are the prime factors of k?
2, 23
Let n(s) = -55*s**3 - 4*s**2 - 6*s + 27. Let w be n(3). Let t = -796 - w. What are the prime factors of t?
2, 179
Suppose -50*c - 4*k = -49*c + 9, -3*c - 2*k + 3 = 0. Suppose -4*u + c*j = 7*j - 580, 0 = -5*u - 3*j + 715. List the prime factors of u.
2, 5, 7
List the prime factors of (-267 + 102)*86/(-3).
2, 5, 11, 43
List the prime factors of ((-66)/(-8))/(39/884).
11, 17
Suppose -6*r - 3*t + 251517 = 0, 0 = 2*t - 6*t + 4. List the prime factors of r.
3, 89, 157
Suppose -4*j = -3*p + 17418 + 13870, -2*j - 2 = 0. What are the prime factors of p?
2, 3, 11, 79
Let j(l) = 7247*l + 89. What are the prime factors of j(2)?
3, 4861
Suppose 0 = -10*h + 5*h + 415. Let t = -141 + h. Let g = t + 131. What are the prime factors of g?
73
Let p(r) = 174*r. Let u be p(-5). Let o = u + 1466. What are the prime factors of o?
2, 149
Let y = -29 + 39. Suppose -15*j = -y*j. What are the prime factors of j + -3 + (-2 - -90)?
5, 17
Let x = -8 - -8. Suppose x*h = -4*h + 20. Suppose 0*p - 10 = q - 3*p, -5*q - h*p + 50 = 0. List the prime factors of q.
5
Suppose 142*k + 268*k = 28*k + 5615782. What are the prime factors of k?
61, 241
Suppose -10*o + 8*o = -22. Suppose m = o*m - 1920. Suppose 2*i - 44 = m. List the prime factors of i.
2, 59
Let c(u) be the second derivative of -133*u**3/6 - 117*u**2 - 64*u + 1. List the prime factors of c(-12).
2, 3, 227
Let z = -3978 + 16184. List the prime factors of z.
2, 17, 359
Let x(w) = 25*w**2 + 2*w - 4. Let c be 3/(-3*(-4)/60) + 2. Suppose 2*m - 4*k - 18 = -m, 4*m - 3*k = c. List the prime factors of x(m).
2, 5
Let n = 93 + -91. Suppose -n*i - 1915 = -7*i. Suppose -2*p = -i - 93. What are the prime factors of p?
2, 7, 17
Let s be (18/135)/((-7)/(-105)). Suppose -2812 = -s*j - 4*r, -3*r = 4*j - 4970 - 629. What are the prime factors of j?
2, 349
List the prime factors of -3*(3 - (21/(-3) + 228735/27)).
5, 5077
Suppose 10*d + 5*x = 6*d + 863, -221 = -d + 4*x. List the prime factors of d.
7, 31
Suppose -4*i + 5676 = 4*g, -3*g + 3*i + 4241 = 2*i. What are the prime factors of g?
5, 283
Let j = 4788 + -551. List the prime factors of j.
19, 223
Let n(i) be the first derivative of -i**3/3 + 5*i**2/2 - 3*i - 7. Let c be n(6). What are the prime factors of 2/(-6) - 777/c?
2, 43
Let u = 527 + -525. Suppose z + 2*q = u*z - 170, -2*z = -q - 337. What are the prime factors of z?
2, 3, 7
Suppose 4*g + 1 = -4*d - 87, 3*g - 5*d = -34. Let y be ((-4)/(-6))/(-3 - 60/g). Suppose -8*m = r - 3*m + y, -3*m = -3*r + 66. List the prime factors of r.
2, 3
Let a = 36 + -42. Let t(n) = -n**3 - 5*n**2 + 7*n + 8. Let o be t(a). Suppose k - o*j - 23 - 47 = 0, 3*j = -3. List the prime factors of k.
2, 17
Let g = 18795 + -18360. List the prime factors of g.
3, 5, 29
Suppose 0 = 5*q - 4 - 11. Let d(p) = p**3 - 2*p**2 - p - 2*p**3 - 3*p**3 + 4 + q*p**3. What are the prime factors of d(-2)?
2, 3
Let w(s) = -527*s + 83. What are the prime factors of w(-7)?
2, 23, 41
Suppose 16 = -0*a + 4*a. Suppose 20 = 5*q + 220*f - 218*f, q = -5*f + 27. Suppose a*p = q*p + 114. List the prime factors of p.
3, 19
Let c(y) = -y**3 - 5*y**2 - 2*y - 17. Let a be c(-11). What are the prime factors of (8/10 - (-84)/20) + a?
2, 23
Let q = 60622 + -32429. What are the prime factors of q?
11, 233
Suppose 5*h - 8079 = b + 14980, 2*b = -8. List the prime factors of h.
3, 29, 53
Suppose 0 = -0*g - 3*g + 4*u - 25, 2*u - 40 = 4*g. Let o(w) = -82*w + 2. Let x(h) = -163*h + 4. Let b(t) = g*o(t) + 6*x(t). What are the prime factors of b(-1)?
2, 3, 13
Suppose -151*s + 389482 = -97*s + 24820. List the prime factors of s.
3, 2251
Let t(o) = 34*o + 37. Suppose 